st common factor of 173015310 and 975?
195
What is the highest common divisor of 5868 and 704812?
652
Calculate the highest common divisor of 826 and 636389222.
826
Calculate the greatest common divisor of 777168 and 10560.
48
What is the greatest common factor of 598 and 1423286?
46
What is the greatest common divisor of 2270 and 8876154?
454
Calculate the greatest common divisor of 13959 and 16157801.
517
Calculate the highest common divisor of 134 and 11600179.
67
What is the greatest common factor of 83361965 and 170?
85
Calculate the greatest common divisor of 665 and 10698919.
133
What is the greatest common factor of 72 and 302796?
36
Calculate the greatest common divisor of 1544 and 20737850.
386
Calculate the highest common divisor of 207 and 15976743.
69
Calculate the greatest common divisor of 40943011 and 1318.
659
Calculate the greatest common factor of 1171296 and 96.
96
What is the greatest common divisor of 573379278 and 5142?
5142
Calculate the highest common factor of 5911619 and 336.
7
Calculate the greatest common divisor of 3267 and 46065910.
121
Calculate the highest common factor of 3805024 and 144.
16
Calculate the highest common divisor of 3241092 and 1793.
163
What is the highest common divisor of 35518 and 43202530?
602
What is the highest common factor of 1684 and 11641913?
421
Calculate the greatest common factor of 2664 and 60101172.
1332
Calculate the greatest common divisor of 515 and 47785099.
103
What is the greatest common factor of 5183 and 613298?
71
What is the greatest common factor of 453 and 1601657?
151
What is the greatest common divisor of 587468385 and 45?
45
Calculate the greatest common divisor of 2858147 and 2884.
103
What is the highest common divisor of 2429 and 5031061392?
2429
Calculate the highest common factor of 3416 and 41055196.
1708
Calculate the highest common factor of 103368650 and 35.
35
Calculate the greatest common factor of 47432 and 58253272.
6776
Calculate the greatest common factor of 232210549 and 1263.
421
Calculate the highest common factor of 4640042 and 242.
22
What is the highest common factor of 24488 and 7716781?
3061
Calculate the highest common divisor of 43993 and 3239.
41
Calculate the greatest common divisor of 460 and 16642478.
46
Calculate the highest common divisor of 22 and 123515018.
22
Calculate the greatest common divisor of 2240 and 1897420.
140
Calculate the greatest common factor of 28475 and 46325.
425
Calculate the greatest common factor of 40527053 and 31904.
997
Calculate the greatest common factor of 12386 and 15081081.
563
Calculate the greatest common factor of 436533852 and 6.
6
What is the highest common divisor of 1500 and 5822405?
5
What is the highest common factor of 1054 and 1505639?
527
Calculate the highest common divisor of 408259 and 5724.
53
Calculate the highest common factor of 286459974 and 24.
6
Calculate the greatest common divisor of 1278 and 5458626.
18
Calculate the highest common factor of 15 and 877683.
3
What is the greatest common divisor of 2323 and 125672?
23
Calculate the greatest common divisor of 128936378 and 5394.
1798
What is the greatest common divisor of 40 and 321517800?
40
Calculate the greatest common divisor of 159026 and 703.
37
Calculate the highest common divisor of 1977974 and 1334.
58
What is the highest common divisor of 27824 and 41929029?
1739
Calculate the highest common factor of 15 and 1234453305.
15
What is the greatest common factor of 37925114 and 2300?
46
What is the highest common factor of 21442070 and 3705?
1235
What is the highest common divisor of 50368 and 135232?
64
Calculate the greatest common factor of 125063448 and 116071.
6109
What is the greatest common factor of 943428 and 516?
12
Calculate the highest common divisor of 942 and 812724630.
942
Calculate the highest common divisor of 151 and 674819.
151
What is the highest common divisor of 5855858 and 6286?
898
Calculate the highest common divisor of 1802781 and 12256.
383
What is the greatest common factor of 366231 and 675573?
129
What is the highest common divisor of 118776368 and 32?
16
Calculate the highest common divisor of 6 and 238888.
2
Calculate the highest common factor of 111518 and 196174.
814
Calculate the highest common divisor of 30165 and 1321785.
15
Calculate the greatest common divisor of 943 and 497863.
41
Calculate the greatest common divisor of 8160 and 38840.
40
Calculate the highest common factor of 12054 and 290514.
42
Calculate the greatest common divisor of 3154861 and 28648.
3581
Calculate the greatest common divisor of 115200 and 167850.
450
What is the highest common factor of 360 and 175302180?
180
What is the greatest common divisor of 4987633 and 6441?
19
What is the greatest common divisor of 22 and 934328?
2
What is the greatest common factor of 24783506 and 220?
22
What is the greatest common divisor of 3762 and 7057094?
418
What is the greatest common divisor of 2115 and 2004390?
45
Calculate the highest common factor of 915 and 16446393.
183
What is the greatest common factor of 546833 and 287?
7
What is the highest common factor of 275 and 270500?
25
What is the greatest common divisor of 175 and 525455?
35
What is the highest common divisor of 23776258 and 1558?
38
Calculate the highest common divisor of 159758 and 698224.
302
Calculate the highest common factor of 8528 and 73541208.
4264
What is the highest common divisor of 101397770 and 11910?
3970
What is the greatest common factor of 1483232 and 256?
32
Calculate the highest common divisor of 1261 and 11661.
13
What is the highest common factor of 127626 and 20410122?
1434
What is the highest common factor of 902462 and 967613?
2413
What is the greatest common divisor of 32287 and 929321?
389
Calculate the greatest common divisor of 833 and 53822.
17
Calculate the highest common factor of 43039 and 40363.
223
Calculate the highest common factor of 202322359 and 17830.
1783
What is the greatest common factor of 10647489 and 166?
83
Calculate the greatest common divisor of 3620 and 193947835.
905
Calculate the greatest common factor of 420889238 and 2409.
803
What is the highest common factor of 10134488 and 97552?
728
Calculate the greatest common divisor of 87975 and 441575.
425
What is the greatest common divisor of 823 and 12117029?
823
Calculate the highest common factor of 221872858 and 690.
46
Calculate the highest common divisor of 660 and 1721220.
60
What is the greatest common factor of 69363099 and 2457?
117
What is the highest common factor of 310240251 and 852?
213
Calculate the highest common divisor of 220 and 1165285.
55
Calculate the greatest common divisor of 185552 and 1024.
16
What is the highest common factor of 50 and 8243050?
50
What is the greatest common divisor of 2103003 and 19089?
189
What is the greatest common factor of 1738 and 96005382?
1738
What is the greatest common divisor of 6355239 and 3?
3
What is the greatest common factor of 639905 and 275?
5
What is the highest common factor of 1842516 and 2340?
468
Calculate the greatest common factor of 765247615 and 1661.
1661
Calculate the highest common divisor of 14833 and 79055.
163
What is the highest common divisor of 1560960 and 14112?
288
Calculate the highest common factor of 445 and 379985.
5
Calculate the greatest common factor of 174 and 3478782.
174
What is the highest common factor of 30749148 and 60?
12
Calculate the greatest common factor of 234857055 and 195.
15
Calculate the highest common divisor of 7134543 and 211.
211
Calculate the highest common factor of 67 and 25839421.
67
What is the greatest common factor of 1606 and 3143818?
146
What is the highest common factor of 63104 and 367720?
232
What is the highest common divisor of 6702 and 4893?
3
What is the highest common factor of 600985 and 22855?
35
Calculate the greatest common factor of 3128635 and 4465.
95
What is the highest common factor of 354 and 107512809?
177
Calculate the highest common factor of 130 and 3065867090.
130
What is the greatest common factor of 2653734 and 442?
34
Calculate the highest common factor of 47425612 and 52.
52
What is the highest common divisor of 5235 and 17351931?
1047
What is the greatest common factor of 56502479 and 23428?
5857
Calculate the hi